(4). Give v(g).
6
Let q(v) = 2 - v**2 + 2*v**3 - 4*v**2 + 4*v - v**3. Let t be q(4). Let z(f) = t*f**2 - 2 + 2*f + 3*f + 6. What is z(-3)?
7
Let i(p) = -20*p + 11*p + 10*p + 2. Give i(-2).
0
Let v(x) = -2*x + 3. Let n(s) = -s + 1. Let g(t) = -7*n(t) + 3*v(t). Let y = 3 + -2. Let d be y/(-1 - 8/(-10)). Give g(d).
-3
Let f = 9 - 9. Let m(y) = -y**3 + y. Calculate m(f).
0
Let l(h) be the first derivative of 2 + 0*h + 0*h**2 + 1/60*h**5 - 2/3*h**3 + 5/24*h**4. Let f(i) be the third derivative of l(i). Give f(-4).
-3
Suppose -2 = 3*d - 5. Let l(x) = 14*x - 1. Calculate l(d).
13
Let w(n) = 3*n - 3. Let m = -21 - -36. Suppose -z - m = 2*z. Let t(a) = 6*a - 5. Let v(u) = z*w(u) + 2*t(u). Calculate v(4).
-7
Let l(n) = n**3 + 5*n**2 + 5*n + 2. Let b be l(-3). Let i(a) = -2*a + 15. Let c be i(b). Let o(w) = -w**3 + 4*w**2 + 5*w + 2. Calculate o(c).
2
Let c(w) = -2*w**2 + 13*w + 12. Let t be c(7). Let n(q) = -q - 1. Calculate n(t).
-6
Let a(t) = 4*t - 3*t - 3*t. Let j be a(-2). Let u(r) = -r**2 + 7*r - 4. Give u(j).
8
Let t be -3 + (1*-1 - 0). Let l(o) be the second derivative of -o**3/6 - 9*o**2/2 + 15*o. Give l(t).
-5
Let m(i) = i**3 - 5*i**2 + 5*i + 2. Suppose -26*n = -28*n + 8. Calculate m(n).
6
Let p(k) be the third derivative of k**6/120 - k**5/12 + 5*k**4/24 - 14*k**2. Determine p(4).
4
Let w(y) be the third derivative of y**6/40 - y**3/6 - y**2. Let k be -3 - -2 - 14/(-7). Let p be k*(-3 - (-4 - 0)). What is w(p)?
2
Let k(t) be the second derivative of -t**3/2 + 3*t**2 + 5*t. Calculate k(3).
-3
Let q = -1 + 4. Suppose -8 = -2*u + 8. Let y(l) = 2*l**2 + 2*l + 1. Let j(h) = -6*h**2 - 6*h - 2. Let z(b) = q*j(b) + u*y(b). Give z(2).
-10
Let p(c) = 4*c + 2. Let r(m) = 5*m + 2. Let w(t) = -6*p(t) + 5*r(t). What is w(-3)?
-5
Let q(a) = a**3 - 6*a**2 + 6*a - 1. Suppose -r + 8 = -0*r. Suppose 0*o = -2*o + r. What is q(o)?
-9
Let i be ((-2)/(-3))/(8/60). Let v(f) = -2 + 3*f + i - 1 - 3. Calculate v(3).
8
Let a(l) be the first derivative of l - 6 + 1/4*l**4 + 0*l**2 - 1/3*l**3. Let d(m) = m + 5. Let k be d(-3). What is a(k)?
5
Let w be (-6)/(-8)*6/(59 - 5). Let g(k) be the second derivative of 0 - w*k**4 - k - 3/2*k**2 - 1/6*k**3. What is g(0)?
-3
Let t = 26 + -26. Let w(a) = -5 - 4*a + 3*a - a**2 + 2. Give w(t).
-3
Suppose 0 = -2*h + 33 - 35. Let r(m) = -6*m**2 + m - 3 + 3 + 1. Give r(h).
-6
Let g(m) be the second derivative of m**5/20 - m**4/3 + m**3/6 + 8*m. Give g(2).
-6
Let u be (-12)/(-10)*(-5)/(-2). Suppose 6 - 19 = -3*s - 2*r, -4*r - 1 = -u*s. Let q(o) be the second derivative of o**3/6 + 3*o**2/2 + 24*o. Determine q(s).
6
Let y(f) = -f**2 + 10*f - 6. Let w be y(9). Suppose 2*c - 3 = 3*j, -2*j = w*j - 3*c + 5. Let o be j/(3/(3 - 0)). Let s(v) = 7*v - 1. Determine s(o).
-8
Let s(c) = 9*c**2. Suppose 3*t - 7 = 3*u + 5, 2*u = -4*t - 2. Calculate s(t).
9
Suppose -f - 3 + 9 = 2*d, -2*d + 2 = 2*f. Let x(j) = -j**3 + 6*j**2 - 5*j - 7. Calculate x(d).
-7
Suppose -a = -2*a - 1. Let b(d) = -3*d. Determine b(a).
3
Let z(s) = -s**3 + 7*s - 3*s**2 + 1 - 2*s + 0. Let x = -16 + 22. Suppose -a + 2*c - 4*c - x = 0, -3*c - 15 = 3*a. Calculate z(a).
-3
Suppose -12 = 22*p - 28*p. Let q(g) be the first derivative of -6*g - 2*g**p - 1 + 1/3*g**3. What is q(5)?
-1
Let f(h) = -4*h**2 - h. Let i be f(1). Let t(v) be the first derivative of -2*v - 2 - 1/3*v**3 - 5/2*v**2. What is t(i)?
-2
Let j(l) = -l**2 + 1. Suppose 3*h + 4*h = -13*h. What is j(h)?
1
Suppose -3*g - 12 = 2*u, 3*g - 6*u = -2*u - 12. Let z(p) = p**2 + 5*p + 2. Determine z(g).
-2
Suppose 0 = -4*b + 2*b - 6. Let q(w) = w**2. Give q(b).
9
Let p(v) = v + 3. Let m be p(-2). Suppose -4*o + 7 - 15 = 0. Let g = m + o. Let s(w) = -2*w**3 - 1. Determine s(g).
1
Suppose 3*q - 7 - 5 = 0. Suppose 0 = 2*d + d + 5*x - q, 0 = d - 5*x - 8. Let g(c) = c**2 - 5*c + 2. Calculate g(d).
-4
Let j(q) = q**3 + 8 + 1 + 10*q - 5*q**2 - q**3 - q**3. Calculate j(-6).
-15
Suppose -4*v + 15 = -5*w + 57, 4*v = 4*w - 36. Suppose -w*o = -5*o - 6. Let f be 1*(-2)/(o/15). Let q(m) = -m**3 - 6*m**2 - 6*m + 3. Determine q(f).
8
Let i(c) be the first derivative of c**2/2 - 5*c - 2. Let z be (-1)/(-1 - 9/(-12)). Determine i(z).
-1
Let b(m) = -m + 12. Suppose -2 + 2 = 2*o. Determine b(o).
12
Let a(n) = -n**3 - 1 - n**2 - n - 4 - 2*n + 4. Let v(y) = -6*y + 3. Let r be v(-3). Suppose 0*j - 4*j = 3*o - 6, 3*o - 5*j + r = 0. Give a(o).
9
Let f(n) be the third derivative of -3*n**2 + 1/6*n**3 + 0 - 1/60*n**5 + 0*n - 1/24*n**4. Let s be (0 - -1)*1*1. What is f(s)?
-1
Let a(w) = w**3 - w**2 - 1. Let n(r) = 7*r**3 - 15*r**2 + 9*r - 11. Let p(h) = 6*a(h) - n(h). Calculate p(8).
-3
Let a be (-3 - -3)/(1 - 0). Let g = a + 1. Let b be (1 - 2)/g*2. Let j(v) = 3*v + 1. Determine j(b).
-5
Let s = 0 + 6. Let y(k) = 4*k**2 + 2*k - 1. Let x be y(1). Let i(o) = x*o + o + s - o**2 - o. What is i(5)?
6
Let y(a) = -6*a**2 + 9 - 10 + 2*a - 2*a**2. Calculate y(1).
-7
Let x(c) = c**2 + 3*c - 4. Let t(y) = 1. Let s(v) = -2*t(v) - x(v). Let n = 34 - 38. Give s(n).
-2
Let u be -22*((-9)/(-6) - 1). Let f = 7 + u. Let a(r) = 4*r**2 + 2*r - 2. Let z(t) = 9*t**2 + 4*t - 3. Let v(j) = -7*a(j) + 3*z(j). What is v(f)?
-3
Let b(v) = 3*v - 1. Let z(l) = -4*l + 1. Let h(o) = 6*b(o) + 5*z(o). Let n be 14/(-10) - (-4)/10. Determine h(n).
1
Let k(o) be the first derivative of o**3/3 + 5*o**2/2 - o - 4. Give k(-4).
-5
Suppose 0 = 13*y - 18*y. Suppose -9 = 4*a - a + 3*v, 3*a - 5*v - 15 = 0. Let m(f) = -2 + a*f - f + 0*f. What is m(y)?
-2
Let n(b) = 2*b + 10. Let o be n(-5). Suppose 5*v - 3*m - 3 = o, 0 = 3*v + v + 5*m + 5. Let g(x) = -x**3 - x**2 + x. Calculate g(v).
0
Let o(p) = 2*p - 7. Let a(r) = -r. Let f(w) = -3*a(w) + o(w). Determine f(6).
23
Let k be 3 - (5 - (-8)/(-4)). Let g(l) = -3*l - 1 + 7*l - l + k*l. What is g(3)?
8
Let w(h) = -4*h**2 + h - 2. Let s(k) = 9*k**2 - 2*k + 5. Let y(u) = -3*s(u) - 7*w(u). Calculate y(-1).
1
Let d(f) be the second derivative of 0 + 1/3*f**3 - 4*f - 4*f**2. Calculate d(6).
4
Let f(l) = -l**2 + 1. Let b(g) = g**3 - 5*g**2 - 1. Let j(t) = -b(t) - f(t). What is j(6)?
0
Let u(v) = 2*v - 5. Let n be ((-2)/4)/((-2)/4). Let b = -6 + n. What is u(b)?
-15
Let a(x) = x**3 + 5*x**2 - 7*x - 3. Suppose 0 = 4*y - 4*u - 96, -y + 4*u + 22 + 14 = 0. Suppose y = -2*d + 8. Give a(d).
3
Let i be 2/(-3)*9/6. Let c = -1 + 4. Let r = i + c. Let p(g) = g**3 - 2*g**2 + g - 2. Calculate p(r).
0
Suppose v = -0*v + 3*p + 5, v - 5 = -3*p. Suppose 0 = -v*k + 3 + 7. Let d(c) = -2 - c**3 + 2*c**3 + k*c**2 - 3*c + 6. Determine d(-3).
4
Let q(h) be the second derivative of -h**3/6 - 5*h**2 + 9*h. Determine q(-8).
-2
Let g(w) = -2*w + 1. Suppose r + 1 = 3. What is g(r)?
-3
Let w(y) be the first derivative of -3 + 1/4*y**4 + 1/2*y**2 + 4/3*y**3 - y. Determine w(-4).
-5
Let k(i) = -1 + 5*i - i**2 - 1 + 1. Let c be 1 - ((-4 - 0) + 1). Suppose -2*n + n + c*o = -17, 3*n + 2*o - 9 = 0. What is k(n)?
-1
Let c(s) = 3*s - 2*s - 2 - s**3 + 2. Let r be c(0). Let b(g) = 2*g - 6 + g - 2*g. Calculate b(r).
-6
Suppose -4*c + 5 = -7. Suppose -12 = c*w - w. Let q(l) = l**3 + 5*l**2 - 6*l - 2. Calculate q(w).
-2
Let g(r) be the first derivative of -r**4/4 - r**3 + r**2 + 3*r + 2. Calculate g(-2).
-5
Let t(y) be the first derivative of -7/2*y**2 - 3*y + 2 - 1/3*y**3. Calculate t(-6).
3
Let r(t) be the first derivative of -t**2 - 2. Let i = -6 + 2. What is r(i)?
8
Let z(f) = -f**2 - 5*f + 10. Let m(i) = -3*i + 8. Let n be m(5). Determine z(n).
-4
Let x(u) = u**3 + 277 - u**2 - 277. Suppose 1 = 3*h - 2*v, -4*h = -3*v - 2 - 0. Determine x(h).
-2
Let k(w) be the first derivative of 3*w**4/2 - w**2/2 - w + 1. Give k(-1).
-6
Suppose -44*y = -43*y - 5. Let a(x) = 3*x**2 - 4*x - 3 - 2*x**2 - 1. Calculate a(y).
1
Let d(j) = 2*j**3 + 5*j**2 + j - 4. Let a(z) = -3*z**3 - 10*z**2 - 2*z + 9. Let p(u) = -3*a(u) - 5*d(u). Give p(5).
-2
Let q(u) = u - 9. Let b be q(9). Let t(d) = 3*d**2 - d**3 + b*d**3 + 1 + 1. Let x be ((-15)/10)/((-2)/4). Give t(x).
2
Let d(a) = a - 2. Let n(v) = -10*v + 17. Let x(j) = -6*d(j) - n(j). What is x(5)?
15
Suppose -b = 3*w - 5, -2*b = -4*b - w + 10. Let i(z) = -z**2 + 2*z + 2. Determine i(b).
-13
Let r(o) be the first derivative of o**4/4 + o**2/2 + o - 23. What is r(2)?
11
Let m be ((-12)/30)/((-2)/20). Let o(j) be the first derivative of -j**2/2 - 5*j - 1. Determine o(m).
-9
Let n be